 is -5 - 40d?
-412
In base 2, what is 10 - 101110?
-101100
In base 15, what is 2 - 32?
-30
In base 10, what is -5 - -130?
125
In base 11, what is 4134 - 4?
4130
In base 6, what is -1102 + 1?
-1101
In base 9, what is -2 + -63?
-65
In base 15, what is 2 + -a?
-8
In base 4, what is 1231 - 0?
1231
In base 9, what is -15 + -6?
-22
In base 11, what is -3 - 36a?
-372
In base 5, what is 12 - -2024?
2041
In base 7, what is -413 - 11?
-424
In base 14, what is -3c + b?
-31
In base 15, what is 3 + -1eb?
-1e8
In base 2, what is -11101 + 10?
-11011
In base 2, what is -11101 - 11?
-100000
In base 14, what is -9 - 76?
-81
In base 13, what is 0 - -ab?
ab
In base 13, what is -2c + -3?
-32
In base 5, what is -2100101 + -2?
-2100103
In base 6, what is 5 - 1020?
-1011
In base 12, what is -3 - -31?
2a
In base 13, what is -12b + -21?
-14c
In base 8, what is 3 - 1402?
-1377
In base 3, what is 2 - 12122?
-12120
In base 6, what is -1 + 1111?
1110
In base 10, what is 2018 + -3?
2015
In base 9, what is -1114 + 12?
-1102
In base 5, what is 44 + 3222?
3321
In base 15, what is -26 - 6?
-2c
In base 3, what is 10102 + -11?
10021
In base 12, what is -228 - -5?
-223
In base 16, what is 1 - -93?
94
In base 3, what is 2220 + -10010?
-20
In base 7, what is 2 - 1154?
-1152
In base 8, what is -1 - -61?
60
In base 7, what is -51635 - -3?
-51632
In base 16, what is 4 - -178?
17c
In base 12, what is 997 + 1?
998
In base 6, what is 0 - 23?
-23
In base 10, what is 4 - 75?
-71
In base 14, what is 1c9 + 3?
1cc
In base 16, what is -3 + -6d?
-70
In base 4, what is 2 + 10013?
10021
In base 14, what is 32a + 3?
32d
In base 5, what is -240 - 1034?
-1324
In base 2, what is 100101 + -1011?
11010
In base 14, what is 1 - 41?
-40
In base 16, what is 91 - -7?
98
In base 4, what is 2 + 1123?
1131
In base 8, what is 2 - 126?
-124
In base 11, what is 98 + -7?
91
In base 6, what is 134 + -4?
130
In base 12, what is 4 - 31?
-29
In base 11, what is 0 - a5?
-a5
In base 16, what is -2ed - 5?
-2f2
In base 10, what is -61 + 4?
-57
In base 9, what is 1785 - 1?
1784
In base 10, what is -725 - -15?
-710
In base 13, what is 44 - -a1?
115
In base 9, what is -54 + -3?
-57
In base 10, what is -4 + -1532?
-1536
In base 10, what is -5 - 29?
-34
In base 12, what is 26a2 - -4?
26a6
In base 10, what is 8 - 20?
-12
In base 7, what is 106 - 2?
104
In base 14, what is bc9 + 4?
bcd
In base 16, what is 3e - 8c?
-4e
In base 13, what is 2bb + -2?
2b9
In base 16, what is 17 + -10?
7
In base 4, what is -11 - -1023?
1012
In base 14, what is -26 - 6?
-2c
In base 14, what is -2 + 176?
174
In base 6, what is 11 + 200?
211
In base 5, what is -222 + -31?
-303
In base 14, what is 11a + -32?
c8
In base 7, what is 54 - 5?
46
In base 5, what is -330 - -3?
-322
In base 6, what is 3 - 1502?
-1455
In base 6, what is -2 - 225?
-231
In base 6, what is -231012 - -3?
-231005
In base 3, what is 2002111 - 0?
2002111
In base 6, what is 3035 - -3?
3042
In base 2, what is -100001110000110 - 10?
-100001110001000
In base 12, what is -25 + -39?
-62
In base 12, what is -2 + 877?
875
In base 11, what is -15 + -6?
-20
In base 16, what is -722 + -1?
-723
In base 13, what is 1182 - 1?
1181
In base 10, what is 13 + -87?
-74
In base 2, what is 10010100 - 11?
10010001
In base 10, what is -14 + -988?
-1002
In base 7, what is 3 - -1623?
1626
In base 2, what is -1000010 + 110?
-111100
In base 10, what is 3 + -40?
-37
In base 15, what is 4 + 65?
69
In base 10, what is -63 - 2?
-65
In base 4, what is -232 - -111?
-121
In base 12, what is 5 + ab?
b4
In base 12, what is -1a - -1?
-19
In base 9, what is 1 - 3476?
-3475
In base 13, what is -385 + 4?
-381
In base 4, what is 20 - -122?
202
In base 4, what is 30 + 10?
100
In base 4, what is -202 + -20?
-222
In base 3, what is 112111 + -22?
112012
In base 9, what is -21 - 300?
-321
In base 3, what is 120 - -110?
1000
In base 16, what is 2 - -49a?
49c
In base 2, what is -100 - -10010111?
10010011
In base 8, what is -130 + 0?
-130
In base 3, what is 210 - 12?
121
In base 6, what is -51 + -153?
-244
In base 10, what is 31 - -1?
32
In base 3, what is -12012 + -10?
-12022
In base 7, what is 12026 + -6?
12020
In base 13, what is a + a7?
b4
In base 4, what is 10 - -13003?
13013
In base 9, what is -104 - -284?
180
In base 5, what is 2121 + 123?
2244
In base 16, what is 2 + -167?
-165
In base 2, what is -11 + 11110001100?
11110001001
In base 4, what is -10 - 2101?
-2111
In base 6, what is 35443 + 2?
35445
In base 9, what is 0 + 123?
123
In base 2, what is 1 + 1000101111?
1000110000
In base 11, what is -414 + -1?
-415
In base 7, what is 1 + -32?
-31
In base 5, what is 2 + 324?
331
In base 11, what is -a - 1154?
-1163
In base 3, what is 21120 + -12?
21101
In base 8, what is 62 + -16?
44
In base 10, what is 312 - 0?
312
In base 4, what is -11 - 21?
-32
In base 14, what is -2835 + 2?
-2833
In base 13, what is 1 + 1606?
1607
In base 16, what is 1 - -bf6?
bf7
In base 14, what is -6 - 14?
-1a
In base 9, what is 2 - -2066?
2068
In base 9, what is 5 + -7324?
-7318
In base 5, what is -1 + -34023?
-34024
In base 10, what is -1276 + 22?
-1254
In base 3, what is -1002 + 20202?
12200
In base 12, what is -3a + 3a?
0
In base 3, what is 1010 + 12000?
20010
In base 15, what is -48 - -17?
-31
In base 11, what is 17 + -15?
2
In base 15, what is -5 + 14c?
147
In base 2, what is -10 + 101100?
101010
In base 15, what is -2 + -87?
-89
In base 11, what is -2 - -36?
34
In base 9, what is -37272 - -1?
-37271
In base 11, what is -205 - -3?
-202
In base 5, what is 200 + -2?
143
In base 5, what is -2 - -102441?
102434
In base 10, what is -5 - -2478?
2473
In base 9, what is 6 - -25?
32
In base 13, what is 44 - -4?
48
In base 13, what is -9c - -3?
-99
In base 6, what is 20 - 12?
4
In base 10, what is -152 - 0?
-152
In base 3, what is -102002 - -2?
-102000
In base 11, what is -21 + -7?
-28
In base 12, what is -1489 + -1?
-148a
In base 5, what is 2432 + 2?
2434
In base 9, what is -11 - -311?
300
In base 14, what is 3 - -17c0?
17c3
In base 13, what is -3a - 1?
-3b
In base 12, what is -63 + -3?
-66
In base 11, what is 0 - 2a?
-2a
In base 14, what is 4 + 8a?
90
In base 2, what is -11010 - 1100?
-100110
In base 6, what is 132 + 0?
132
In base 8, what is 1 + -70?
-67
In base 9, what is -12 + -7?
-20
In base 11, what is 1 - 2a2?
-2a1
In base 5, what is -323 - 10?
-333
In base 10, what is 8 + 7?
15
In base 8, what is -2 - -111?
107
In base 14, what is 204 + -27?
1bb
In base 9, what is -126 + -254?
-381
In base 4, what is 2001 - 0?
2001
In base 13, what is 14b - -2?
150
In base 15, what is -1e + 25?
6
In base 16, what is 1e0 + 13?
1f3
In base 11, what is -6 - 380?
-386
In base 14, what is 16 - -4c7?
4dd
In base 6, what is 1303 + 1?
1304
In base 6, what is -5 + 512?
503
In base 8, what is -1 - 137?
-140
In base 2, what is -10111 + 10110?
-1
In base 7, what is 0 + -11662?
-11662
In base 8, what is 11 + 0?
11
In base 13, what is -2c54 + -2?
-2c56
In base 2, what is 11 + -100100010?
-100011111
In base 7, what is 11 - -136?
150
In base 10, what is -3 + -1507?
-1510
In base 13, what is 3 - -16?
19
In base 14, what is -6 - -4b?
45
In base 16, what is 4 + 39?
3d
In base 4, what is 111 - -13?
130
In base 12, what is 22ba - -4?
2302
In base 9, what is 476 + -7?
468
In base 14, what is 248 - 17?
231
In base 8, what is -46 - -730?
662
In base 15, what is 0 - -b?
b
In base 15, what is 11 - 0?
11
In base 14, what is 3 + -37?
-34
In base 9, what is -5 - -12?
6
In base 7, what is -1 + 323?
322
In base 12, what is a63 - 4?
a5b
In base 14, what is -5 + 4ca?
4c5
In base 15, what is 17e + 14?
193
In base 4, what is -1330 + 223?
-1101
In base 16, what is -f - -1c3?
1b4
In base 8, what is -136 - 2?
-140
In base 13, what is 5c + -6?
56
In base 9, what is 54 - 3?
51
In base 2, what is 100110011 + -1?
100110010
In base 15, what is -23a - -8?
-232
In base 6, what is 0 + 155?
155
In base 7, what is 11 + -40?
-26
In base 2, what is -1000101 - 111?
-1001100
In base 4, what is 3 - -32?
101
In base 11, what is -2a + -1?
-30
In base 2, what is -1001101 + -101?
-1010010
In base 7, what is -4 - 65?
-102
In base 2, what is 10100101 - -111011?
11100000
In base 16, what is -9 - -da?
d1
In base 4, what is 3 - -1321310?
1321313
In base 11, what is -663 - 1?
-664
In base 13, what is 9c - 2?
9a
In base 7, what 